
What is 5ce87 (base 15) in base 13?
a51a8
Convert -22315303 (base 6) to base 7.
-5525406
Convert -4431431 (base 7) to base 14.
-102b88
What is -129923b (base 13) in base 5?
-2444042410
Convert 222200210110 (base 3) to base 6.
15132403
What is 5261ec (base 16) in base 3?
101011022001201
-184a000 (base 12) to base 5
-2244424424
Convert 1358c (base 14) to base 10.
47752
What is -302035 (base 12) in base 16?
-b71a9
What is 481584 (base 13) in base 5?
414414220
13978a8 (base 11) to base 6
123212410
Convert 2370316 (base 11) to base 13.
b175a4
What is 110100010100101110110 (base 2) in base 7?
20400455
Convert 111011111001111011 (base 2) to base 16.
3be7b
Convert -2130027 (base 8) to base 15.
-b3a7c
Convert 6a1114 (base 14) to base 7.
42501424
Convert -12433270 (base 8) to base 2.
-1010100011011010111000
-10011101111111110101101 (base 2) to base 7
-62002025
What is -35303411 (base 6) in base 11?
-68a399
What is -11572213 (base 8) in base 11?
-14940a3
-3454121 (base 6) to base 12
-87341
6007b (base 15) to base 2
1001010001011111010
-12254 (base 16) to base 12
-37018
What is -435ff (base 16) in base 6?
-5525343
-2023054 (base 6) to base 15
-1d941
12321304 (base 5) to base 10
120204
-110002011001201 (base 3) to base 6
-345332244
What is 104222343 (base 5) in base 13?
131a86
-1a336 (base 15) to base 3
-11022201220
What is -564411 (base 8) in base 14?
-4d717
Convert 10111001001101011011 (base 2) to base 12.
307023
What is -2323332 (base 5) in base 6?
-524010
What is -3132101 (base 10) in base 13?
-85881b
Convert -22434234 (base 5) to base 15.
-3eeb4
What is -5255005 (base 6) in base 7?
-2115341
Convert 332044 (base 6) to base 4.
12300130
What is -1a10e (base 15) in base 8?
-245206
What is -130034451 (base 6) in base 2?
-1001101000010010111111
Convert 2098675 (base 11) to base 10.
3686347
-235033 (base 8) to base 4
-103220123
Convert 10205361 (base 7) to base 16.
d1bb6
What is -22314700 (base 9) in base 15?
-e39b26
What is 61038 (base 16) in base 12?
171b60
Convert -203230221 (base 5) to base 16.
-cc2d7
23f6d8 (base 16) to base 4
20333123120
Convert 4022343 (base 10) to base 11.
22a8056
Convert -1855a8 (base 12) to base 4.
-1213210100
110211131 (base 6) to base 10
1976671
Convert 10000100101110 (base 2) to base 3.
102122121
Convert 98573 (base 11) to base 4.
202323332
What is -1101110001110101010101 (base 2) in base 7?
-42462403
What is -1010001101100111011 (base 2) in base 12?
-1417b7
-2ee0dd (base 15) to base 5
-1040244313
Convert 134045511 (base 6) to base 11.
1592a39
Convert -2243350 (base 11) to base 6.
-220110035
Convert -2687149 (base 10) to base 12.
-a97091
-1010100010011010110011 (base 2) to base 3
-12012100022211
-14100a (base 12) to base 10
-333514
cb371 (base 16) to base 5
203113434
What is 232323311 (base 4) in base 7?
1430324
What is -4240441314 (base 5) in base 12?
-2ba2a6b
2214a25 (base 12) to base 6
351142445
357b86 (base 13) to base 3
2101201122101
-ed8aa (base 16) to base 5
-222113340
Convert 15352443 (base 9) to base 6.
432001403
What is -30470676 (base 9) in base 4?
-313310022201
What is 20707406 (base 8) in base 16?
438f06
111011101100101010100 (base 2) to base 8
7354524
Convert -14612 (base 16) to base 5.
-10132344
477164 (base 8) to base 6
3300404
Convert -7ace8 (base 15) to base 11.
-247884
-2861dd (base 16) to base 3
-11222110022021
506795 (base 10) to base 2
1111011101110101011
What is 3218570 (base 12) in base 3?
122212012011210
What is 62da42 (base 16) in base 4?
120231221002
Convert 4a277 (base 11) to base 7.
420332
224a3 (base 11) to base 8
77435
-2444023013 (base 5) to base 4
-112103012013
216283 (base 11) to base 14
8da74
Convert -1100111101110010 (base 2) to base 4.
-30331302
What is -17321045 (base 8) in base 2?
-1111011010001000100101
11000011011101011000 (base 2) to base 10
800600
What is -1042233200 (base 5) in base 14?
-440253
What is 34430 (base 7) in base 8?
21130
What is 395930 (base 16) in base 9?
7057472
Convert 229014 (base 10) to base 14.
5d662
What is 4521515 (base 7) in base 2?
10001000101110100001
Convert cb9d50 (base 14) to base 10.
6903778
Convert -8855559 (base 11) to base 13.
-32b1c13
What is -361618 (base 14) in base 8?
-7031146
Convert 2190310 (base 10) to base 16.
216be6
Convert 17cfd7 (base 16) to base 9.
2837577
-530462 (base 11) to base 9
-1534544
What is -3757784 (base 9) in base 8?
-7634411
20103243 (base 5) to base 11
aa094
10100110000000110001001 (base 2) to base 13
1186085
What is 1012242 (base 5) in base 10?
16572
-111001101110001111 (base 2) to base 10
-236431
Convert -1301232 (base 4) to base 12.
-4266
Convert -122053 (base 11) to base 8.
-571035
What is 527582 (base 9) in base 8?
1145135
What is 33bb0 (base 12) in base 15?
15723
3122000211 (base 5) to base 9
13101600
Convert 1224203 (base 5) to base 12.
11852
2376860 (base 9) to base 13
362832
Convert 616264 (base 11) to base 14.
1ba725
What is 1032223423 (base 5) in base 4?
20133220302
What is 467550 (base 15) in base 10?
3366075
Convert -2112213010 (base 4) to base 12.
-259004
What is -346657 (base 9) in base 10?
-208303
-101100100010001101110 (base 2) to base 12
-5a4612
What is -2370921 (base 10) in base 3?
-11110110021220
Convert -a2a498 (base 11) to base 9.
-3100386
-e6933 (base 15) to base 10
-731073
What is 2678684 (base 10) in base 11?
156a598
What is -2597294 (base 11) in base 2?
-10001001000001001010000
-205586 (base 11) to base 3
-121201221002
Convert 3678 (base 15) to base 6.
125352
-203044000 (base 5) to base 4
-3022322111
What is -13112223000 (base 4) in base 6?
-105153200
434641 (base 7) to base 5
4414001
-101560534 (base 7) to base 9
-12225544
What is -812010 (base 11) in base 4?
-10332301322
What is 435350 (base 11) in base 3?
1022022122011
Convert 1003204 (base 7) to base 13.
420ac
1110010011111011 (base 2) to base 8
162373
1138aa (base 11) to base 2
101100001000100101
15125400 (base 8) to base 6
201551504
Convert -2122220222201 (base 3) to base 15.
-1ce70a
Convert -101110111101100001 (base 2) to base 15.
-3bed8
Convert -166110 (base 14) to base 10.
-784994
What is -32142244 (base 5) in base 10?
-271574
What is 1310113011 (base 4) in base 7?
4023354
-115225 (base 7) to base 5
-1133130
Convert -110111000111110110110 (base 2) to base 5.
-430300022
Convert 183614b (base 12) to base 15.
69b1ce
Convert -166890 (base 11) to base 4.
-332332132
Convert 100011011110001101 (base 2) to base 12.
700b9
What is -570de3 (base 15) in base 8?
-17662024
261327 (base 15) to base 8
6757433
What is 434017 (base 10) in base 16?
69f61
What is -736b98 (base 14) in base 8?
-16676622
What is 1113042041 (base 5) in base 10?
2471521
Convert -e13760 (base 16) to base 7.
-236312263
What is 617d64 (base 14) in base 8?
14424244
What is -15065112 (base 8) in base 14?
-655bd0
Convert 311333131 (base 4) to base 13.
79876
Convert -330446 (base 9) to base 5.
-22302241
-20011330302 (base 4) to base 15
-2bd8ec
Convert -7e0a (base 16) to base 10.
-32266
-336038 (base 15) to base 6
-124303555
What is -12022554 (base 6) in base 13?
-102496
What is 2161620 (base 8) in base 13?
175201
What is -10331212331 (base 4) in base 3?
-2110002112102
-a4a1b (base 13) to base 10
-296112
6f7220 (base 16) to base 7
116036423
Convert -5302434 (base 6) to base 16.
-3ecb6
What is 102200022220 (base 3) in base 13?
80829
Convert a540 (base 13) to base 4.
11211103
What is 3445004 (base 6) in base 10?
177340
-1101121222000 (base 3) to base 4
-2310310131
What is 1134353030 (base 6) in base 16?
c3878a
What is 293735 (base 12) in base 10?
690521
-3213010233 (base 4) to base 16
-e712f
Convert 26b7d8 (base 14) to base 4.
11012220202
What is -66ddb (base 14) in base 4?
-330331211
What is 22310bb (base 13) in base 14?
156cb02
-225141 (base 9) to base 13
-49594
-130a46c (base 13) to base 4
-112233322200
Convert 3301102043 (base 5) to base 16.
6b9421
What is 52121 (base 12) in base 9?
173167
What is 2f24d (base 16) in base 2?
101111001001001101
What is -1150369 (base 10) in base 3?
-2011110000021
3041a (base 16) to base 3
101001010200
Convert -1011100100101110110011 (base 2) to base 5.
-1234042120
What is -287210 (base 9) in base 5?
-21111420
Convert 33330121102 (base 4) to base 13.
b344cc
Convert 122001102121020 (base 3) to base 13.
1b5400c
740848 (base 10) to base 6
23513504
What is -12